.
53
What is the remainder when 148145 is divided by 105?
95
What is the remainder when 370126 is divided by 1341?
10
Calculate the remainder when 1088 is divided by 456.
176
What is the remainder when 9529 is divided by 19?
10
Calculate the remainder when 2823 is divided by 41.
35
What is the remainder when 208 is divided by 69?
1
What is the remainder when 12966 is divided by 4314?
24
Calculate the remainder when 309530 is divided by 867.
11
What is the remainder when 519 is divided by 201?
117
What is the remainder when 25835 is divided by 205?
5
Calculate the remainder when 14655 is divided by 2927.
20
Calculate the remainder when 1187159 is divided by 15.
14
What is the remainder when 4227 is divided by 42?
27
Calculate the remainder when 3303 is divided by 736.
359
Calculate the remainder when 25310 is divided by 12652.
6
What is the remainder when 8215 is divided by 315?
25
What is the remainder when 3459 is divided by 1622?
215
What is the remainder when 8275 is divided by 255?
115
What is the remainder when 4143 is divided by 261?
228
What is the remainder when 149269 is divided by 118?
117
What is the remainder when 3289012 is divided by 123?
115
Calculate the remainder when 6106 is divided by 743.
162
Calculate the remainder when 740 is divided by 241.
17
What is the remainder when 2782 is divided by 5?
2
Calculate the remainder when 41571 is divided by 127.
42
Calculate the remainder when 1595 is divided by 98.
27
What is the remainder when 17347 is divided by 1171?
953
Calculate the remainder when 131391 is divided by 210.
141
What is the remainder when 61047 is divided by 4358?
35
Calculate the remainder when 721159 is divided by 70.
19
What is the remainder when 89415 is divided by 87?
66
Calculate the remainder when 8317 is divided by 4144.
29
Calculate the remainder when 21074 is divided by 31.
25
What is the remainder when 9287 is divided by 620?
607
What is the remainder when 93653 is divided by 42?
35
What is the remainder when 49889 is divided by 409?
400
What is the remainder when 1944 is divided by 626?
66
What is the remainder when 2234 is divided by 43?
41
What is the remainder when 527016 is divided by 688?
8
What is the remainder when 7904 is divided by 1118?
78
Calculate the remainder when 451132 is divided by 7.
3
What is the remainder when 1766 is divided by 567?
65
Calculate the remainder when 61183 is divided by 1529.
23
Calculate the remainder when 154755 is divided by 19333.
91
Calculate the remainder when 14090 is divided by 176.
10
What is the remainder when 1320307 is divided by 29340?
7
Calculate the remainder when 39780 is divided by 138.
36
What is the remainder when 9097 is divided by 1291?
60
What is the remainder when 23079 is divided by 23043?
36
What is the remainder when 3949 is divided by 1944?
61
What is the remainder when 3658 is divided by 1183?
109
Calculate the remainder when 929681 is divided by 6456.
17
What is the remainder when 4056 is divided by 4055?
1
Calculate the remainder when 3477 is divided by 149.
50
What is the remainder when 3579 is divided by 17?
9
What is the remainder when 8352 is divided by 49?
22
What is the remainder when 53995 is divided by 2163?
2083
What is the remainder when 58239 is divided by 428?
31
What is the remainder when 33128 is divided by 44?
40
Calculate the remainder when 18180 is divided by 293.
14
Calculate the remainder when 14434 is divided by 39.
4
What is the remainder when 5264 is divided by 751?
7
Calculate the remainder when 858 is divided by 80.
58
What is the remainder when 23764 is divided by 7902?
58
What is the remainder when 25318 is divided by 67?
59
Calculate the remainder when 76226 is divided by 10.
6
Calculate the remainder when 37101 is divided by 18537.
27
Calculate the remainder when 3475 is divided by 688.
35
What is the remainder when 3914 is divided by 152?
114
Calculate the remainder when 81196 is divided by 16235.
21
What is the remainder when 18811 is divided by 673?
640
Calculate the remainder when 107432 is divided by 78.
26
Calculate the remainder when 97372 is divided by 10819.
1
Calculate the remainder when 29368 is divided by 4893.
10
Calculate the remainder when 5561 is divided by 27.
26
Calculate the remainder when 231645 is divided by 24.
21
Calculate the remainder when 241127 is divided by 102.
101
Calculate the remainder when 362673 is divided by 169.
168
What is the remainder when 18660 is divided by 18612?
48
Calculate the remainder when 8441 is divided by 103.
98
What is the remainder when 61185 is divided by 422?
417
What is the remainder when 50506 is divided by 304?
42
What is the remainder when 62463 is divided by 165?
93
Calculate the remainder when 30311 is divided by 271.
230
Calculate the remainder when 3060 is divided by 474.
216
What is the remainder when 2484 is divided by 607?
56
What is the remainder when 3003 is divided by 748?
11
Calculate the remainder when 2484 is divided by 403.
66
What is the remainder when 5121 is divided by 373?
272
What is the remainder when 11857 is divided by 3949?
10
Calculate the remainder when 13142 is divided by 6548.
46
Calculate the remainder when 30143 is divided by 437.
427
Calculate the remainder when 9162 is divided by 1136.
74
What is the remainder when 595678 is divided by 12?
10
Calculate the remainder when 14050 is divided by 2748.
310
Calculate the remainder when 29801 is divided by 4.
1
What is the remainder when 92506 is divided by 181?
15
What is the remainder when 17566 is divided by 202?
194
What is the remainder when 13725 is divided by 6?
3
What is the remainder when 506860 is divided by 910?
900
Calculate the remainder when 1972 is divided by 169.
113
Calculate the remainder when 83624 is divided by 10453.
0
Calculate the remainder when 40460 is divided by 20224.
12
What is the remainder when 6793 is divided by 2024?
721
What is the remainder when 7950 is divided by 7636?
314
What is the remainder when 134140 is divided by 1137?
1111
Calculate the remainder when 4829 is divided by 124.
117
What is the remainder when 712041 is divided by 71202?
21
What is the remainder when 216 is divided by 181?
35
Calculate the remainder when 1874 is divided by 552.
218
What is the remainder when 8231 is divided by 107?
99
Calculate the remainder when 27007 is divided by 5375.
132
Calculate the remainder when 10069 is divided by 2011.
14
What is the remainder when 23265 is divided by 151?
11
Calculate the remainder when 2776 is divided by 269.
86
Calculate the remainder when 587523 is divided by 283.
15
What is the remainder when 10597 is divided by 176?
37
Calculate the remainder when 21262 is divided by 418.
362
Calculate the remainder when 10384 is divided by 3262.
598
What is the remainder when 15084 is divided by 27?
18
What is the remainder when 1396782 is divided by 435?
432
What is the remainder when 27011 is divided by 13479?
53
Calculate the remainder when 276088 is divided by 138033.
22
Calculate the remainder when 77953 is divided by 11.
7
Calculate the remainder when 890004 is divided by 465.
459
Calculate the remainder when 39453 is divided by 39273.
180
What is the remainder when 894 is divided by 427?
40
Calculate the remainder when 16894 is divided by 88.
86
Calculate the remainder when 707493 is divided by 125.
118
Calculate the remainder when 6010 is divided by 164.
106
What is the remainder when 62518 is divided by 2499?
43
What is the remainder when 1737 is divided by 11?
10
What is the remainder when 89737 is divided by 9?
7
What is the remainder when 23534 is divided by 158?
150
What is the remainder when 5480 is divided by 32?
8
Calculate the remainder when 29930 is divided by 175.
5
Calculate the remainder when 25747 is divided by 113.
96
Calculate the remainder when 54151 is divided by 94.
7
What is the remainder when 4517 is divided by 49?
9
What is the remainder when 8051 is divided by 1339?
17
Calculate the remainder when 389067 is divided by 6.
3
Calculate the remainder when 7946 is divided by 65.
16
Calculate the remainder when 35641 is divided by 19.
16
Calculate the remainder when 5309 is divided by 161.
157
Calculate the remainder when 120918 is divided by 65.
18
Calculate the remainder when 4073 is divided by 162.
23
What is th